
Suppose -3*y = u + 7, -3*y - 4 = -3*u + 11. Suppose -5*f - 2*a = 4, -f + 3*a + 4 = -u. Suppose -4*m + 11 + 17 = f. What is the units digit of m?
7
Let p = -9 + 13. Suppose -p*f + 145 = f. What is the tens digit of f?
2
Suppose -h = 2*u + 111, -u - 280 = 4*u + 3*h. Let v = 74 + u. What is the tens digit of v?
2
Let x = -26 + 18. Let n = x - -11. What is the units digit of n?
3
Let s = -43 - -77. Suppose w = 4*c - 11 + s, -5*c = 15. What is the tens digit of w?
1
What is the tens digit of 8/(-44) - (0 + (-844)/44)?
1
Suppose 0 = 3*j - 8*j + 3*m + 51, -3*j + 39 = m. What is the units digit of j?
2
What is the tens digit of 51/85 - (-177)/5?
3
Let j be (-68)/(-12) + (-2)/3. Suppose -i + 2*i - 20 = -j*b, -2*b - 19 = -5*i. What is the units digit of b?
3
Let h = 17 + -21. What is the units digit of h/(-6) - 112/(-21)?
6
Suppose 84 = 3*c + 4*c. What is the tens digit of c?
1
Let z(n) = -n + 1. Let s be z(-6). Let v(l) = 4*l - 7. What is the tens digit of v(s)?
2
Suppose -5*g + 130 + 140 = 0. What is the units digit of g?
4
Suppose 6*q + h - 43 = q, 4*q - 30 = -3*h. Let j be 8/14*(-2 - -9). Suppose q*d - 50 = j*d. What is the units digit of d?
0
Let z(p) = -p**3 - 7*p**2 - 12*p - 4. What is the units digit of z(-6)?
2
What is the tens digit of 20/(-6)*630/(-28)?
7
Suppose -3*m - 2*m = 15. What is the units digit of (m - (-1)/4)*-4?
1
Let i be 5*(-3 + 9) + 1. Suppose -5*p = -154 - i. What is the units digit of p?
7
What is the tens digit of (-2)/(2 - (-320)/(-156))?
3
Let s = -35 + 58. What is the units digit of s?
3
Suppose -4*o = 3*x - 749, -x + 3*x + 5*o - 511 = 0. What is the units digit of x?
3
Suppose -5*p + 2*a = -p - 358, 0 = -a - 3. What is the units digit of p?
8
Let b = 13 + -4. What is the units digit of b*(24/9 + -2)?
6
Let w(o) = -o**2 - 3*o + 5. Let k(d) = 2*d**2 + 6*d - 11. Let x(u) = 4*k(u) + 9*w(u). What is the units digit of x(-3)?
1
Let i = 101 + -103. Suppose 2 = -h + 13. Let b = h + i. What is the units digit of b?
9
Let u(g) = 5*g**2 - 5. Let j(t) = t**2 + t - 1. Let a(v) = -4*j(v) + u(v). Let s(x) = 3*x**2 + 2*x - 2. Let b be s(-2). What is the units digit of a(b)?
1
Let j = 57 + -99. Suppose 2*w - 12 = 6*w. What is the units digit of (2/4)/(w/j)?
7
Suppose 0 = p + 2*p - 30. Suppose -5*l - p = 0, -2*l = -5*x + 9 + 5. Suppose 0 = -c + x. What is the units digit of c?
2
Let o(j) = j**2 + 4*j - 5. What is the units digit of o(-7)?
6
Let s(k) = k**2 + k - 7. What is the units digit of s(-4)?
5
Let b(y) = y**2 + 4. Suppose -16 = -3*m + 2*k, 0*k = -5*k - 10. What is the units digit of b(m)?
0
Suppose -j - 4*j = -4*l + 27, -4*l - 3 = 5*j. Let m = 21 + j. Suppose -2*u + 5*u = m. What is the units digit of u?
6
Let w(p) = 9*p - 2. Let f(r) be the third derivative of -r**4/6 + r**3/6 - 2*r**2. Let o(k) = -15*f(k) - 6*w(k). What is the units digit of o(2)?
9
Let h(m) be the first derivative of -m**3/3 - 4*m**2 - 5*m - 1. What is the units digit of h(-7)?
2
Let x(q) = -q**2 + 6*q - 2. Suppose -5*i - 25 = -10*i. Let p be x(i). Suppose -p = -b + 4. What is the units digit of b?
7
Suppose -73*s - 21 = -74*s. What is the units digit of s?
1
Let b(i) be the third derivative of i**4/12 - i**3/3 - i**2. Let u be b(3). What is the units digit of 44/16 - (-1)/u?
3
Let w be 1/(-2) - 244/(-8). Suppose 0*c + w = 5*c. What is the units digit of 2/(-4) + 45/c?
7
Let x = -80 - -153. What is the tens digit of x?
7
Suppose 5*y + 2*d - 1803 = 0, -2*d + 0*d + 8 = 0. What is the units digit of y?
9
Let f = 2 + -1. Let w(k) = 5*k**2 - 2*k + 1. Let d be w(f). Let n = d - 1. What is the units digit of n?
3
Suppose p = 2*h, -p + 5 = -h - 2*h. What is the tens digit of 4/p + 182/5?
3
Let r(c) = -c**2 - 26*c + 1. What is the units digit of r(-11)?
6
Let s be (4/(-7))/((-8)/28). Suppose -t = -s*t - 2, -5*g = 5*t - 50. Suppose -5*y + 5*b = -0*b - 60, b - g = -2*y. What is the units digit of y?
8
Suppose 0 = -6*x + 1130 - 356. What is the tens digit of x?
2
Suppose c - 42 = -4*a - c, 4*c - 20 = 0. Let y = a + -4. What is the units digit of y/(-6) - (-42)/9?
4
Suppose -v - 4*w + 154 = 0, -4*v + 5*v = 5*w + 109. What is the tens digit of v?
3
Suppose -4*u + 8 = 4*p - 56, 3*u = p - 36. Let d be (-138)/9 - 1/(-3). Let l = d + p. What is the units digit of l?
6
Let q = -35 - 25. What is the units digit of 12/10*q/(-9)?
8
Let p(c) = -2*c**2 - 3*c + 4. Let q be p(-3). What is the units digit of (-4)/(-10) + (-18)/q?
4
Let y(f) = f - 4. Let k be y(3). What is the units digit of 10*(2/(-4))/k?
5
Suppose 3*d + u - 2*u + 3 = 0, 0 = 3*d - 5*u + 15. Suppose d = -3*g + 16 + 20. Suppose -2*r + 5*r = g. What is the units digit of r?
4
Let n be 1/((-2)/4) - -2. Let c(t) = 3*t**2 - 2*t - 11. Let f(o) = -4*o**2 + 3*o + 17. Let r(s) = 7*c(s) + 5*f(s). What is the units digit of r(n)?
8
Suppose -4*q - 18 = -0*a - a, 6 = -3*a - 3*q. Suppose -5*l = w - 62, -6 - a = -4*w. What is the units digit of l?
2
Let r = -144 + 406. What is the tens digit of r?
6
Let k = -69 - -162. What is the units digit of k?
3
Let r(c) = 3*c. Let m = 3 - 5. Let a = m - -5. What is the units digit of r(a)?
9
Let v(y) = -2*y + 10. What is the tens digit of v(-5)?
2
Suppose -2*v + 4*v - 4 = 0. Let o(n) = 6*n**2 - 2*n + 2. Let f be o(v). Suppose -3 = m + 5*s + 14, f = 2*m - 4*s. What is the units digit of m?
3
Let c be 4/6*(5 - -1). Suppose 4*g + 2 - 22 = -c*o, -5*g - 3*o = -23. What is the units digit of g?
4
Let x = 66 - 155. Let g = x - -131. What is the tens digit of g?
4
Let d = -14 + 14. Suppose d = -0*t - t + 2, 4*w = -2*t + 132. What is the tens digit of w?
3
Suppose 5*r - d = -0*r + 77, 4*r = d + 62. What is the tens digit of r?
1
Suppose 0 = 4*i + i - 20. Suppose -2*c - 36 = -i*c. Suppose -2*o + 11 = -j, 3*o = -0*o + j + c. What is the units digit of o?
7
Suppose 0*f - 5 = -f. Let q(j) = 12*j - 11. What is the units digit of q(f)?
9
Let v(k) = 13*k**2 - 4*k - 4. What is the units digit of v(-5)?
1
Suppose 5*l - 37 = -0*l + 4*v, 4*l - 4*v - 28 = 0. What is the units digit of l?
9
Let i(t) = -t**3 - 13*t**2 - 14*t - 15. Suppose o - 5*o = 0. Suppose o = 2*u + 5 + 19. What is the units digit of i(u)?
9
Suppose -96 = b - 4*b. What is the tens digit of b?
3
Let k = -123 - -177. What is the tens digit of k?
5
Suppose -w = -111 - 37. What is the hundreds digit of w?
1
Suppose -o + 5*l = 2, -3*o + 2*l - 1 + 8 = 0. What is the units digit of -3 - -1 - (-40 + o)?
5
Suppose 0 = k - 5*b + 15, 0 = 5*k - 0*b + b - 29. Suppose t - 71 = -5*z, 3*z - 61 = k*t - t. What is the units digit of z?
5
Let i(d) = d**2 + 2*d + 1. Let q(b) = -b**2 - 4*b - 1. Let s be q(-4). Let g be i(s). Suppose g = -5*p + 3 + 27. What is the units digit of p?
6
Suppose 4*h = b + 4, 4*h - b - 4 = 2*h. Suppose h*g = g - 17. What is the units digit of g?
7
Suppose 0 = 4*k - 69 - 35. Suppose 19 = 2*a + n, 2*a - 2*n + k = 5*a. What is the units digit of a?
2
Let b(o) = -o**3 + 7*o**2 + o - 5. What is the units digit of b(7)?
2
What is the hundreds digit of (366/(-15))/(2/(-10))?
1
Suppose 5*o + 4*m = 547, -2*o + m + 195 = -29. What is the tens digit of o?
1
Suppose -4*c = 4*n - 36, 3*n + 5*c - 9 = 7*n. Let o(q) = 2*q**2 + 7*q + 0*q**2 + 4 - n. What is the units digit of o(-5)?
5
Let f = -4 - -11. Suppose -f*h - 11 = a - 4*h, 4*a - 5*h - 24 = 0. What is the units digit of a?
1
Let u = 84 + -47. Suppose -2*r + b + 1 = -3*r, -3*r = -5*b - u. What is the units digit of r?
4
Let m be -1 - (-2 - 3 - 0). Suppose -m*u + 0*u + 36 = 0. What is the units digit of u?
9
What is the tens digit of (-330)/(-18) - (-1)/(-3)?
1
Let q(t) = t - 4. Suppose -3*v + 2*u = -25, -30 - 1 = -3*v - 4*u. What is the units digit of q(v)?
5
Let v = -2 - -1. Let y be (-3)/((-3)/13) - v. What is the units digit of (2 - y/6)*-12?
4
Suppose 0 = 3*x + m + 86 - 603, 0 = 3*x - 3*m - 525. What is the units digit of x?
3
Let p = 119 - 45. What is the tens digit of p?
7
Let w(m) = -m**3 + m**2 - 3. Let k be w(0). Let n be ((-2)/(-6))/((-1)/k). What is the units digit of n/((-1)/6*-3)?
2
Suppose -o - 2*o + 3 = 0, -5*j = 5*o + 275. What is the units digit of j/7*(-5)/2?
0
Suppose -54 = s - 4*s. Let p = 27 - s. What is the units digit of p?
9
Let b(c) = c**3 - 5*c**2 + 2*c - 4. Let j be b(5). Suppose -2*i + 22 = -2*r, -j*i + i + 82 = 4*r. What is the tens digit of 1/(1 + (-13)/i)?
1
Let q = 75 